{"id":34,"date":"2022-11-18T11:00:39","date_gmt":"2022-11-18T11:00:39","guid":{"rendered":"https:\/\/frauenhaus-herne.de\/cms2\/?page_id=34"},"modified":"2024-11-14T10:20:25","modified_gmt":"2024-11-14T10:20:25","slug":"impressum","status":"publish","type":"page","link":"https:\/\/frauenhaus-herne.de\/cms2\/impressum\/","title":{"rendered":"Impressum"},"content":{"rendered":"\t\t<div data-elementor-type=\"wp-page\" data-elementor-id=\"34\" class=\"elementor elementor-34\">\n\t\t\t\t\t\t\t\t\t<section class=\"elementor-section elementor-top-section elementor-element elementor-element-7478ea8 elementor-section-boxed elementor-section-height-default elementor-section-height-default\" data-id=\"7478ea8\" data-element_type=\"section\">\n\t\t\t\t\t\t<div class=\"elementor-container elementor-column-gap-default\">\n\t\t\t\t\t<div class=\"elementor-column elementor-col-100 elementor-top-column elementor-element elementor-element-6e98492\" data-id=\"6e98492\" data-element_type=\"column\">\n\t\t\t<div class=\"elementor-widget-wrap elementor-element-populated\">\n\t\t\t\t\t\t\t\t<div class=\"elementor-element elementor-element-23c16a7 elementor-widget elementor-widget-heading\" data-id=\"23c16a7\" data-element_type=\"widget\" data-widget_type=\"heading.default\">\n\t\t\t\t<div class=\"elementor-widget-container\">\n\t\t\t<style>\/*! elementor - v3.16.0 - 17-10-2023 *\/\n.elementor-heading-title{padding:0;margin:0;line-height:1}.elementor-widget-heading .elementor-heading-title[class*=elementor-size-]>a{color:inherit;font-size:inherit;line-height:inherit}.elementor-widget-heading .elementor-heading-title.elementor-size-small{font-size:15px}.elementor-widget-heading .elementor-heading-title.elementor-size-medium{font-size:19px}.elementor-widget-heading .elementor-heading-title.elementor-size-large{font-size:29px}.elementor-widget-heading .elementor-heading-title.elementor-size-xl{font-size:39px}.elementor-widget-heading .elementor-heading-title.elementor-size-xxl{font-size:59px}<\/style><h1 class=\"elementor-heading-title elementor-size-default\">Impressum<\/h1>\t\t<\/div>\n\t\t\t\t<\/div>\n\t\t\t\t<div class=\"elementor-element elementor-element-10aa511 elementor-widget elementor-widget-text-editor\" data-id=\"10aa511\" data-element_type=\"widget\" data-widget_type=\"text-editor.default\">\n\t\t\t\t<div class=\"elementor-widget-container\">\n\t\t\t<style>\/*! elementor - v3.16.0 - 17-10-2023 *\/\n.elementor-widget-text-editor.elementor-drop-cap-view-stacked .elementor-drop-cap{background-color:#69727d;color:#fff}.elementor-widget-text-editor.elementor-drop-cap-view-framed .elementor-drop-cap{color:#69727d;border:3px solid;background-color:transparent}.elementor-widget-text-editor:not(.elementor-drop-cap-view-default) .elementor-drop-cap{margin-top:8px}.elementor-widget-text-editor:not(.elementor-drop-cap-view-default) .elementor-drop-cap-letter{width:1em;height:1em}.elementor-widget-text-editor .elementor-drop-cap{float:left;text-align:center;line-height:1;font-size:50px}.elementor-widget-text-editor .elementor-drop-cap-letter{display:inline-block}<\/style>\t\t\t\t<p>Verein zur F\u00f6rderung des Frauenhauses Herne e.V.<br \/>Postfach 101246<br \/>44602 Herne<\/p><p>Tel: 02325 49875<br \/>Fax: 02325 940872<\/p><p>E-Mail:\u00a0<a href=\"mailto:info@frauenhaus-herne.de\" data-wplink-edit=\"true\">info@frauenhaus-herne.de<\/a><\/p><p>Gesch\u00e4ftsf\u00fchrender Vorstand:<br \/>Olga Kornev, Annika Zemke<br \/>Amtsgericht Bochum<br \/>Vereinsregisternummer : VR 20202<\/p>\t\t\t\t\t\t<\/div>\n\t\t\t\t<\/div>\n\t\t\t\t\t<\/div>\n\t\t<\/div>\n\t\t\t\t\t\t\t<\/div>\n\t\t<\/section>\n\t\t\t\t<section class=\"elementor-section elementor-top-section elementor-element elementor-element-f742467 elementor-section-boxed elementor-section-height-default elementor-section-height-default\" data-id=\"f742467\" data-element_type=\"section\">\n\t\t\t\t\t\t<div class=\"elementor-container elementor-column-gap-default\">\n\t\t\t\t\t<div class=\"elementor-column elementor-col-100 elementor-top-column elementor-element elementor-element-d756728\" data-id=\"d756728\" data-element_type=\"column\">\n\t\t\t<div class=\"elementor-widget-wrap elementor-element-populated\">\n\t\t\t\t\t\t\t\t<div class=\"elementor-element elementor-element-491bdad elementor-widget elementor-widget-heading\" data-id=\"491bdad\" data-element_type=\"widget\" data-widget_type=\"heading.default\">\n\t\t\t\t<div class=\"elementor-widget-container\">\n\t\t\t<h1 class=\"elementor-heading-title elementor-size-default\">Streitschlichtung<\/h1>\t\t<\/div>\n\t\t\t\t<\/div>\n\t\t\t\t<div class=\"elementor-element elementor-element-2550bbc elementor-widget elementor-widget-text-editor\" data-id=\"2550bbc\" data-element_type=\"widget\" data-widget_type=\"text-editor.default\">\n\t\t\t\t<div class=\"elementor-widget-container\">\n\t\t\t\t\t\t\t<p>Wir sind nicht bereit oder verpflichtet an Streitbeilegungsverfahren vor einer Verbraucherschlichtungsstelle teilzunehmen.<\/p>\t\t\t\t\t\t<\/div>\n\t\t\t\t<\/div>\n\t\t\t\t\t<\/div>\n\t\t<\/div>\n\t\t\t\t\t\t\t<\/div>\n\t\t<\/section>\n\t\t\t\t<section class=\"elementor-section elementor-top-section elementor-element elementor-element-75c18b1 elementor-section-boxed elementor-section-height-default elementor-section-height-default\" data-id=\"75c18b1\" data-element_type=\"section\">\n\t\t\t\t\t\t<div class=\"elementor-container elementor-column-gap-default\">\n\t\t\t\t\t<div class=\"elementor-column elementor-col-100 elementor-top-column elementor-element elementor-element-43d01ac\" data-id=\"43d01ac\" data-element_type=\"column\">\n\t\t\t<div class=\"elementor-widget-wrap elementor-element-populated\">\n\t\t\t\t\t\t\t\t<div class=\"elementor-element elementor-element-1e7b425 elementor-widget elementor-widget-heading\" data-id=\"1e7b425\" data-element_type=\"widget\" data-widget_type=\"heading.default\">\n\t\t\t\t<div class=\"elementor-widget-container\">\n\t\t\t<h1 class=\"elementor-heading-title elementor-size-default\">F\u00f6rderung<\/h1>\t\t<\/div>\n\t\t\t\t<\/div>\n\t\t\t\t<div class=\"elementor-element elementor-element-3bbbd35 elementor-widget elementor-widget-text-editor\" data-id=\"3bbbd35\" data-element_type=\"widget\" data-widget_type=\"text-editor.default\">\n\t\t\t\t<div class=\"elementor-widget-container\">\n\t\t\t\t\t\t\t<p>Das Frauenhaus Herne erh\u00e4lt einen j\u00e4hrlichen Personalkostenzuschuss, das sind ca. 60 % der Personalkosten.<\/p>\t\t\t\t\t\t<\/div>\n\t\t\t\t<\/div>\n\t\t\t\t<div class=\"elementor-element elementor-element-97253f6 elementor-widget elementor-widget-image\" data-id=\"97253f6\" data-element_type=\"widget\" data-widget_type=\"image.default\">\n\t\t\t\t<div class=\"elementor-widget-container\">\n\t\t\t<style>\/*! elementor - v3.16.0 - 17-10-2023 *\/\n.elementor-widget-image{text-align:center}.elementor-widget-image a{display:inline-block}.elementor-widget-image a img[src$=\".svg\"]{width:48px}.elementor-widget-image img{vertical-align:middle;display:inline-block}<\/style>\t\t\t\t\t\t\t\t\t\t\t\t\t<a href=\"https:\/\/www.mkjfgfi.nrw\/\">\n\t\t\t\t\t\t\t<img loading=\"lazy\" decoding=\"async\" width=\"768\" height=\"137\" src=\"https:\/\/frauenhaus-herne.de\/cms2\/wp-content\/uploads\/2022\/12\/ak_kinder-jugend-familie-gleichstellung-flucht-und-integration_farbig_cmyk-768x137.png\" class=\"attachment-medium_large size-medium_large wp-image-418\" alt=\"\" srcset=\"https:\/\/frauenhaus-herne.de\/cms2\/wp-content\/uploads\/2022\/12\/ak_kinder-jugend-familie-gleichstellung-flucht-und-integration_farbig_cmyk-768x137.png 768w, https:\/\/frauenhaus-herne.de\/cms2\/wp-content\/uploads\/2022\/12\/ak_kinder-jugend-familie-gleichstellung-flucht-und-integration_farbig_cmyk-300x54.png 300w, https:\/\/frauenhaus-herne.de\/cms2\/wp-content\/uploads\/2022\/12\/ak_kinder-jugend-familie-gleichstellung-flucht-und-integration_farbig_cmyk-1024x183.png 1024w, https:\/\/frauenhaus-herne.de\/cms2\/wp-content\/uploads\/2022\/12\/ak_kinder-jugend-familie-gleichstellung-flucht-und-integration_farbig_cmyk-1536x275.png 1536w, https:\/\/frauenhaus-herne.de\/cms2\/wp-content\/uploads\/2022\/12\/ak_kinder-jugend-familie-gleichstellung-flucht-und-integration_farbig_cmyk-2048x366.png 2048w\" sizes=\"(max-width: 768px) 100vw, 768px\" \/>\t\t\t\t\t\t\t\t<\/a>\n\t\t\t\t\t\t\t\t\t\t\t\t\t\t\t<\/div>\n\t\t\t\t<\/div>\n\t\t\t\t\t<\/div>\n\t\t<\/div>\n\t\t\t\t\t\t\t<\/div>\n\t\t<\/section>\n\t\t\t\t<section class=\"elementor-section elementor-top-section elementor-element elementor-element-1e5c6f3 elementor-section-boxed elementor-section-height-default elementor-section-height-default\" data-id=\"1e5c6f3\" data-element_type=\"section\">\n\t\t\t\t\t\t<div class=\"elementor-container elementor-column-gap-default\">\n\t\t\t\t\t<div class=\"elementor-column elementor-col-100 elementor-top-column elementor-element elementor-element-c1e4f87\" data-id=\"c1e4f87\" data-element_type=\"column\">\n\t\t\t<div class=\"elementor-widget-wrap elementor-element-populated\">\n\t\t\t\t\t\t\t\t<div class=\"elementor-element elementor-element-24ab81f elementor-widget elementor-widget-heading\" data-id=\"24ab81f\" data-element_type=\"widget\" data-widget_type=\"heading.default\">\n\t\t\t\t<div class=\"elementor-widget-container\">\n\t\t\t<h1 class=\"elementor-heading-title elementor-size-default\">Webdesign<\/h1>\t\t<\/div>\n\t\t\t\t<\/div>\n\t\t\t\t<div class=\"elementor-element elementor-element-a07c277 elementor-widget elementor-widget-text-editor\" data-id=\"a07c277\" data-element_type=\"widget\" data-widget_type=\"text-editor.default\">\n\t\t\t\t<div class=\"elementor-widget-container\">\n\t\t\t\t\t\t\t<p>Verantwortlich ist das Frauenhaus Herne.&nbsp;<\/p>\t\t\t\t\t\t<\/div>\n\t\t\t\t<\/div>\n\t\t\t\t\t<\/div>\n\t\t<\/div>\n\t\t\t\t\t\t\t<\/div>\n\t\t<\/section>\n\t\t\t\t<section class=\"elementor-section elementor-top-section elementor-element elementor-element-07d5d96 elementor-section-boxed elementor-section-height-default elementor-section-height-default\" data-id=\"07d5d96\" data-element_type=\"section\">\n\t\t\t\t\t\t<div class=\"elementor-container elementor-column-gap-default\">\n\t\t\t\t\t<div class=\"elementor-column elementor-col-100 elementor-top-column elementor-element elementor-element-0a5722a\" data-id=\"0a5722a\" data-element_type=\"column\">\n\t\t\t<div class=\"elementor-widget-wrap elementor-element-populated\">\n\t\t\t\t\t\t\t\t<div class=\"elementor-element elementor-element-3a00a26 elementor-widget elementor-widget-heading\" data-id=\"3a00a26\" data-element_type=\"widget\" data-widget_type=\"heading.default\">\n\t\t\t\t<div class=\"elementor-widget-container\">\n\t\t\t<h1 class=\"elementor-heading-title elementor-size-default\">Bilder<\/h1>\t\t<\/div>\n\t\t\t\t<\/div>\n\t\t\t\t<div class=\"elementor-element elementor-element-ca16d3f elementor-widget elementor-widget-text-editor\" data-id=\"ca16d3f\" data-element_type=\"widget\" data-widget_type=\"text-editor.default\">\n\t\t\t\t<div class=\"elementor-widget-container\">\n\t\t\t\t\t\t\t<p>Mit freundlicher Genehmigung von Fotografin Brigitte Kraemer\u00a0<a href=\"http:\/\/www.fotografie-brigittekraemer.de\/\" target=\"_blank\" rel=\"noopener\">www.fotografie-brigittekraemer.de<\/a><\/p>\t\t\t\t\t\t<\/div>\n\t\t\t\t<\/div>\n\t\t\t\t\t<\/div>\n\t\t<\/div>\n\t\t\t\t\t\t\t<\/div>\n\t\t<\/section>\n\t\t\t\t<section class=\"elementor-section elementor-top-section elementor-element elementor-element-0387157 elementor-section-boxed elementor-section-height-default elementor-section-height-default\" data-id=\"0387157\" data-element_type=\"section\">\n\t\t\t\t\t\t<div class=\"elementor-container elementor-column-gap-default\">\n\t\t\t\t\t<div class=\"elementor-column elementor-col-100 elementor-top-column elementor-element elementor-element-5ccf473\" data-id=\"5ccf473\" data-element_type=\"column\">\n\t\t\t<div class=\"elementor-widget-wrap elementor-element-populated\">\n\t\t\t\t\t\t\t\t<div class=\"elementor-element elementor-element-28a810e elementor-widget elementor-widget-heading\" data-id=\"28a810e\" data-element_type=\"widget\" data-widget_type=\"heading.default\">\n\t\t\t\t<div class=\"elementor-widget-container\">\n\t\t\t<h1 class=\"elementor-heading-title elementor-size-default\">Mehr als ein Dach \u00fcber dem Kopf<\/h1>\t\t<\/div>\n\t\t\t\t<\/div>\n\t\t\t\t\t<\/div>\n\t\t<\/div>\n\t\t\t\t\t\t\t<\/div>\n\t\t<\/section>\n\t\t\t\t\t\t\t<\/div>\n\t\t","protected":false},"excerpt":{"rendered":"<p>Impressum Verein zur F\u00f6rderung des Frauenhauses Herne e.V.Postfach 10124644602 Herne Tel: 02325 49875Fax: 02325 940872 E-Mail:\u00a0info@frauenhaus-herne.de Gesch\u00e4ftsf\u00fchrender Vorstand:Olga Kornev, Annika ZemkeAmtsgericht BochumVereinsregisternummer : VR 20202 Streitschlichtung Wir sind nicht bereit oder verpflichtet an Streitbeilegungsverfahren vor einer Verbraucherschlichtungsstelle teilzunehmen. F\u00f6rderung Das Frauenhaus Herne erh\u00e4lt einen j\u00e4hrlichen Personalkostenzuschuss, das sind ca. 60 % der Personalkosten. Webdesign Verantwortlich [&hellip;]<\/p>\n","protected":false},"author":2,"featured_media":0,"parent":0,"menu_order":0,"comment_status":"closed","ping_status":"closed","template":"","meta":{"footnotes":""},"_links":{"self":[{"href":"https:\/\/frauenhaus-herne.de\/cms2\/wp-json\/wp\/v2\/pages\/34"}],"collection":[{"href":"https:\/\/frauenhaus-herne.de\/cms2\/wp-json\/wp\/v2\/pages"}],"about":[{"href":"https:\/\/frauenhaus-herne.de\/cms2\/wp-json\/wp\/v2\/types\/page"}],"author":[{"embeddable":true,"href":"https:\/\/frauenhaus-herne.de\/cms2\/wp-json\/wp\/v2\/users\/2"}],"replies":[{"embeddable":true,"href":"https:\/\/frauenhaus-herne.de\/cms2\/wp-json\/wp\/v2\/comments?post=34"}],"version-history":[{"count":22,"href":"https:\/\/frauenhaus-herne.de\/cms2\/wp-json\/wp\/v2\/pages\/34\/revisions"}],"predecessor-version":[{"id":1876,"href":"https:\/\/frauenhaus-herne.de\/cms2\/wp-json\/wp\/v2\/pages\/34\/revisions\/1876"}],"wp:attachment":[{"href":"https:\/\/frauenhaus-herne.de\/cms2\/wp-json\/wp\/v2\/media?parent=34"}],"curies":[{"name":"wp","href":"https:\/\/api.w.org\/{rel}","templated":true}]}}

<div data-elementor-type="wp-page" data-elementor-id="34" class="elementor elementor-34">
									<section class="elementor-section elementor-top-section elementor-element elementor-element-7478ea8 elementor-section-boxed elementor-section-height-default elementor-section-height-default" data-id="7478ea8" data-element_type="section">
						<div class="elementor-container elementor-column-gap-default">
					<div class="elementor-column elementor-col-100 elementor-top-column elementor-element elementor-element-6e98492" data-id="6e98492" data-element_type="column">
			<div class="elementor-widget-wrap elementor-element-populated">
								<div class="elementor-element elementor-element-23c16a7 elementor-widget elementor-widget-heading" data-id="23c16a7" data-element_type="widget" data-widget_type="heading.default">
				<div class="elementor-widget-container">
			<style>/*! elementor - v3.16.0 - 17-10-2023 */
.elementor-heading-title{padding:0;margin:0;line-height:1}.elementor-widget-heading .elementor-heading-title[class*=elementor-size-]>a{color:inherit;font-size:inherit;line-height:inherit}.elementor-widget-heading .elementor-heading-title.elementor-size-small{font-size:15px}.elementor-widget-heading .elementor-heading-title.elementor-size-medium{font-size:19px}.elementor-widget-heading .elementor-heading-title.elementor-size-large{font-size:29px}.elementor-widget-heading .elementor-heading-title.elementor-size-xl{font-size:39px}.elementor-widget-heading .elementor-heading-title.elementor-size-xxl{font-size:59px}</style><h1 class="elementor-heading-title elementor-size-default">Impressum</h1>		</div>
				</div>
				<div class="elementor-element elementor-element-10aa511 elementor-widget elementor-widget-text-editor" data-id="10aa511" data-element_type="widget" data-widget_type="text-editor.default">
				<div class="elementor-widget-container">
			<style>/*! elementor - v3.16.0 - 17-10-2023 */
.elementor-widget-text-editor.elementor-drop-cap-view-stacked .elementor-drop-cap{background-color:#69727d;color:#fff}.elementor-widget-text-editor.elementor-drop-cap-view-framed .elementor-drop-cap{color:#69727d;border:3px solid;background-color:transparent}.elementor-widget-text-editor:not(.elementor-drop-cap-view-default) .elementor-drop-cap{margin-top:8px}.elementor-widget-text-editor:not(.elementor-drop-cap-view-default) .elementor-drop-cap-letter{width:1em;height:1em}.elementor-widget-text-editor .elementor-drop-cap{float:left;text-align:center;line-height:1;font-size:50px}.elementor-widget-text-editor .elementor-drop-cap-letter{display:inline-block}</style>				<p>Verein zur Förderung des Frauenhauses Herne e.V.<br />Postfach 101246<br />44602 Herne</p><p>Tel: 02325 49875<br />Fax: 02325 940872</p><p>E-Mail: <a href="mailto:info@frauenhaus-herne.de" data-wplink-edit="true">info@frauenhaus-herne.de</a></p><p>Geschäftsführender Vorstand:<br />Olga Kornev, Annika Zemke<br />Amtsgericht Bochum<br />Vereinsregisternummer : VR 20202</p>						</div>
				</div>
					</div>
		</div>
							</div>
		</section>
				<section class="elementor-section elementor-top-section elementor-element elementor-element-f742467 elementor-section-boxed elementor-section-height-default elementor-section-height-default" data-id="f742467" data-element_type="section">
						<div class="elementor-container elementor-column-gap-default">
					<div class="elementor-column elementor-col-100 elementor-top-column elementor-element elementor-element-d756728" data-id="d756728" data-element_type="column">
			<div class="elementor-widget-wrap elementor-element-populated">
								<div class="elementor-element elementor-element-491bdad elementor-widget elementor-widget-heading" data-id="491bdad" data-element_type="widget" data-widget_type="heading.default">
				<div class="elementor-widget-container">
			<h1 class="elementor-heading-title elementor-size-default">Streitschlichtung</h1>		</div>
				</div>
				<div class="elementor-element elementor-element-2550bbc elementor-widget elementor-widget-text-editor" data-id="2550bbc" data-element_type="widget" data-widget_type="text-editor.default">
				<div class="elementor-widget-container">
							<p>Wir sind nicht bereit oder verpflichtet an Streitbeilegungsverfahren vor einer Verbraucherschlichtungsstelle teilzunehmen.</p>						</div>
				</div>
					</div>
		</div>
							</div>
		</section>
				<section class="elementor-section elementor-top-section elementor-element elementor-element-75c18b1 elementor-section-boxed elementor-section-height-default elementor-section-height-default" data-id="75c18b1" data-element_type="section">
						<div class="elementor-container elementor-column-gap-default">
					<div class="elementor-column elementor-col-100 elementor-top-column elementor-element elementor-element-43d01ac" data-id="43d01ac" data-element_type="column">
			<div class="elementor-widget-wrap elementor-element-populated">
								<div class="elementor-element elementor-element-1e7b425 elementor-widget elementor-widget-heading" data-id="1e7b425" data-element_type="widget" data-widget_type="heading.default">
				<div class="elementor-widget-container">
			<h1 class="elementor-heading-title elementor-size-default">Förderung</h1>		</div>
				</div>
				<div class="elementor-element elementor-element-3bbbd35 elementor-widget elementor-widget-text-editor" data-id="3bbbd35" data-element_type="widget" data-widget_type="text-editor.default">
				<div class="elementor-widget-container">
							<p>Das Frauenhaus Herne erhält einen jährlichen Personalkostenzuschuss, das sind ca. 60 % der Personalkosten.</p>						</div>
				</div>
				<div class="elementor-element elementor-element-97253f6 elementor-widget elementor-widget-image" data-id="97253f6" data-element_type="widget" data-widget_type="image.default">
				<div class="elementor-widget-container">
			<style>/*! elementor - v3.16.0 - 17-10-2023 */
.elementor-widget-image{text-align:center}.elementor-widget-image a{display:inline-block}.elementor-widget-image a img[src$=".svg"]{width:48px}.elementor-widget-image img{vertical-align:middle;display:inline-block}</style>													<a href="https://www.mkjfgfi.nrw/">
							<img loading="lazy" decoding="async" width="768" height="137" src="https://frauenhaus-herne.de/cms2/wp-content/uploads/2022/12/ak_kinder-jugend-familie-gleichstellung-flucht-und-integration_farbig_cmyk-768x137.png" class="attachment-medium_large size-medium_large wp-image-418" alt="" srcset="https://frauenhaus-herne.de/cms2/wp-content/uploads/2022/12/ak_kinder-jugend-familie-gleichstellung-flucht-und-integration_farbig_cmyk-768x137.png 768w, https://frauenhaus-herne.de/cms2/wp-content/uploads/2022/12/ak_kinder-jugend-familie-gleichstellung-flucht-und-integration_farbig_cmyk-300x54.png 300w, https://frauenhaus-herne.de/cms2/wp-content/uploads/2022/12/ak_kinder-jugend-familie-gleichstellung-flucht-und-integration_farbig_cmyk-1024x183.png 1024w, https://frauenhaus-herne.de/cms2/wp-content/uploads/2022/12/ak_kinder-jugend-familie-gleichstellung-flucht-und-integration_farbig_cmyk-1536x275.png 1536w, https://frauenhaus-herne.de/cms2/wp-content/uploads/2022/12/ak_kinder-jugend-familie-gleichstellung-flucht-und-integration_farbig_cmyk-2048x366.png 2048w" sizes="(max-width: 768px) 100vw, 768px" />								</a>
															</div>
				</div>
					</div>
		</div>
							</div>
		</section>
				<section class="elementor-section elementor-top-section elementor-element elementor-element-1e5c6f3 elementor-section-boxed elementor-section-height-default elementor-section-height-default" data-id="1e5c6f3" data-element_type="section">
						<div class="elementor-container elementor-column-gap-default">
					<div class="elementor-column elementor-col-100 elementor-top-column elementor-element elementor-element-c1e4f87" data-id="c1e4f87" data-element_type="column">
			<div class="elementor-widget-wrap elementor-element-populated">
								<div class="elementor-element elementor-element-24ab81f elementor-widget elementor-widget-heading" data-id="24ab81f" data-element_type="widget" data-widget_type="heading.default">
				<div class="elementor-widget-container">
			<h1 class="elementor-heading-title elementor-size-default">Webdesign</h1>		</div>
				</div>
				<div class="elementor-element elementor-element-a07c277 elementor-widget elementor-widget-text-editor" data-id="a07c277" data-element_type="widget" data-widget_type="text-editor.default">
				<div class="elementor-widget-container">
							<p>Verantwortlich ist das Frauenhaus Herne.&nbsp;</p>						</div>
				</div>
					</div>
		</div>
							</div>
		</section>
				<section class="elementor-section elementor-top-section elementor-element elementor-element-07d5d96 elementor-section-boxed elementor-section-height-default elementor-section-height-default" data-id="07d5d96" data-element_type="section">
						<div class="elementor-container elementor-column-gap-default">
					<div class="elementor-column elementor-col-100 elementor-top-column elementor-element elementor-element-0a5722a" data-id="0a5722a" data-element_type="column">
			<div class="elementor-widget-wrap elementor-element-populated">
								<div class="elementor-element elementor-element-3a00a26 elementor-widget elementor-widget-heading" data-id="3a00a26" data-element_type="widget" data-widget_type="heading.default">
				<div class="elementor-widget-container">
			<h1 class="elementor-heading-title elementor-size-default">Bilder</h1>		</div>
				</div>
				<div class="elementor-element elementor-element-ca16d3f elementor-widget elementor-widget-text-editor" data-id="ca16d3f" data-element_type="widget" data-widget_type="text-editor.default">
				<div class="elementor-widget-container">
							<p>Mit freundlicher Genehmigung von Fotografin Brigitte Kraemer <a href="http://www.fotografie-brigittekraemer.de/" target="_blank" rel="noopener">www.fotografie-brigittekraemer.de</a></p>						</div>
				</div>
					</div>
		</div>
							</div>
		</section>
				<section class="elementor-section elementor-top-section elementor-element elementor-element-0387157 elementor-section-boxed elementor-section-height-default elementor-section-height-default" data-id="0387157" data-element_type="section">
						<div class="elementor-container elementor-column-gap-default">
					<div class="elementor-column elementor-col-100 elementor-top-column elementor-element elementor-element-5ccf473" data-id="5ccf473" data-element_type="column">
			<div class="elementor-widget-wrap elementor-element-populated">
								<div class="elementor-element elementor-element-28a810e elementor-widget elementor-widget-heading" data-id="28a810e" data-element_type="widget" data-widget_type="heading.default">
				<div class="elementor-widget-container">
			<h1 class="elementor-heading-title elementor-size-default">Mehr als ein Dach über dem Kopf</h1>		</div>
				</div>
					</div>
		</div>
							</div>
		</section>
							</div>

<p>Impressum Verein zur Förderung des Frauenhauses Herne e.V.Postfach 10124644602 Herne Tel: 02325 49875Fax: 02325 940872 E-Mail: info@frauenhaus-herne.de Geschäftsführender Vorstand:Olga Kornev, Annika ZemkeAmtsgericht BochumVereinsregisternummer : VR 20202 Streitschlichtung Wir sind nicht bereit oder verpflichtet an Streitbeilegungsverfahren vor einer Verbraucherschlichtungsstelle teilzunehmen. Förderung Das Frauenhaus Herne erhält einen jährlichen Personalkostenzuschuss, das sind ca. 60 % der Personalkosten. Webdesign Verantwortlich [&hellip;]</p>
