{"id":725,"date":"2023-02-09T11:59:56","date_gmt":"2023-02-09T11:59:56","guid":{"rendered":"https:\/\/frauenhaus-herne.de\/cms2\/?page_id=725"},"modified":"2025-07-02T11:49:52","modified_gmt":"2025-07-02T11:49:52","slug":"grundsaetze","status":"publish","type":"page","link":"https:\/\/frauenhaus-herne.de\/cms2\/verein\/grundsaetze\/","title":{"rendered":"Grunds\u00e4tze"},"content":{"rendered":"\t\t<div data-elementor-type=\"wp-page\" data-elementor-id=\"725\" class=\"elementor elementor-725\">\n\t\t\t\t\t\t\t\t\t<section class=\"elementor-section elementor-top-section elementor-element elementor-element-6377571 elementor-section-boxed elementor-section-height-default elementor-section-height-default\" data-id=\"6377571\" data-element_type=\"section\">\n\t\t\t\t\t\t<div class=\"elementor-container elementor-column-gap-default\">\n\t\t\t\t\t<div class=\"elementor-column elementor-col-100 elementor-top-column elementor-element elementor-element-0e74ff4\" data-id=\"0e74ff4\" data-element_type=\"column\">\n\t\t\t<div class=\"elementor-widget-wrap elementor-element-populated\">\n\t\t\t\t\t\t\t\t<div class=\"elementor-element elementor-element-fa0adb2 elementor-widget elementor-widget-heading\" data-id=\"fa0adb2\" data-element_type=\"widget\" data-widget_type=\"heading.default\">\n\t\t\t\t<div class=\"elementor-widget-container\">\n\t\t\t<style>\/*! elementor - v3.16.0 - 17-10-2023 *\/\n.elementor-heading-title{padding:0;margin:0;line-height:1}.elementor-widget-heading .elementor-heading-title[class*=elementor-size-]>a{color:inherit;font-size:inherit;line-height:inherit}.elementor-widget-heading .elementor-heading-title.elementor-size-small{font-size:15px}.elementor-widget-heading .elementor-heading-title.elementor-size-medium{font-size:19px}.elementor-widget-heading .elementor-heading-title.elementor-size-large{font-size:29px}.elementor-widget-heading .elementor-heading-title.elementor-size-xl{font-size:39px}.elementor-widget-heading .elementor-heading-title.elementor-size-xxl{font-size:59px}<\/style><h1 class=\"elementor-heading-title elementor-size-default\">Grunds\u00e4tze unserer Arbeit<\/h1>\t\t<\/div>\n\t\t\t\t<\/div>\n\t\t\t\t\t<\/div>\n\t\t<\/div>\n\t\t\t\t\t\t\t<\/div>\n\t\t<\/section>\n\t\t\t\t<section class=\"elementor-section elementor-top-section elementor-element elementor-element-d034ceb elementor-section-boxed elementor-section-height-default elementor-section-height-default\" data-id=\"d034ceb\" data-element_type=\"section\">\n\t\t\t\t\t\t<div class=\"elementor-container elementor-column-gap-default\">\n\t\t\t\t\t<div class=\"elementor-column elementor-col-100 elementor-top-column elementor-element elementor-element-df322c2\" data-id=\"df322c2\" data-element_type=\"column\">\n\t\t\t<div class=\"elementor-widget-wrap elementor-element-populated\">\n\t\t\t\t\t\t\t\t<div class=\"elementor-element elementor-element-7de05ce elementor-widget elementor-widget-text-editor\" data-id=\"7de05ce\" data-element_type=\"widget\" data-widget_type=\"text-editor.default\">\n\t\t\t\t<div class=\"elementor-widget-container\">\n\t\t\t<style>\/*! elementor - v3.16.0 - 17-10-2023 *\/\n.elementor-widget-text-editor.elementor-drop-cap-view-stacked .elementor-drop-cap{background-color:#69727d;color:#fff}.elementor-widget-text-editor.elementor-drop-cap-view-framed .elementor-drop-cap{color:#69727d;border:3px solid;background-color:transparent}.elementor-widget-text-editor:not(.elementor-drop-cap-view-default) .elementor-drop-cap{margin-top:8px}.elementor-widget-text-editor:not(.elementor-drop-cap-view-default) .elementor-drop-cap-letter{width:1em;height:1em}.elementor-widget-text-editor .elementor-drop-cap{float:left;text-align:center;line-height:1;font-size:50px}.elementor-widget-text-editor .elementor-drop-cap-letter{display:inline-block}<\/style>\t\t\t\t<ol><li><strong>Schutz und Sicherheit<\/strong><br \/>Das Frauenhaus Herne ist ein sicherer Ort f\u00fcr Sie und Ihre Kinder. Die Adresse ist geheim. Hier darf keine Gewalt ausge\u00fcbt oder angedroht werden. Diskriminierung jeglicher Art wird nicht toleriert. Vielfalt wird geachtet und respektiert.<\/li><li><strong>Kinderschutz<\/strong><br \/>Kinder und Jugendliche erleben die Gewalt immer mit und leiden darunter. <br \/>Sie haben ein Recht auf Schutz, F\u00f6rderung und kindgerechte Begleitung .<\/li><li><strong>Selbstbestimmung und Empowerment<\/strong> <br \/>Wir unterst\u00fctzen Sie dabei Ihr Leben eigenst\u00e4ndig zu gestalten. Unsere Arbeit orientiert sich an den individuellen St\u00e4rken, Ressourcen und F\u00e4higkeiten der Frauen und Kinder.<\/li><li><strong>Parteilichkeit<\/strong><br \/>Wir nehmen Ihre Erfahrungen ernst und setzen uns aktiv f\u00fcr Ihre Bed\u00fcrfnisse ein.<\/li><li><strong>Vertraulichkeit und Anonymit\u00e4t<\/strong><br \/>Um ein Gef\u00fchl der Sicherheit und des Vertrauens zu schaffen, erfolgen alle Beratungsgespr\u00e4che vertraulich. Frauen und Kinder haben ihre eigenen Ansprechpersonen.<\/li><li><strong>Ganzheitlichkeit<\/strong><br \/>Wir arbeiten mit einem ganzheitlichen Blick, dass bedeutet das wir die strukturellen Ungleichheiten und die Auswirkungen von Gewalt an Frauen anerkennen. Frauen bringen unterschiedliche Lebenserfahrungen mit\u00a0 (z.B. Herkunft, Hautfarbe, Religion, Behinderung, sexuelle Orientierung). Diese Erfahrungen ber\u00fccksichtigen wir in unserer Beratung.<\/li><li><strong>Kooperation und Vernetzung<\/strong><br \/>Wir kooperieren mit anderen Einrichtungen und sind gut vernetzt. So ist Unterst\u00fctzung in vielen Bereichen schnell und unkompliziert m\u00f6glich. Diese Zusammenarbeit erfolgt mit Zustimmung der Frau.<\/li><\/ol>\t\t\t\t\t\t<\/div>\n\t\t\t\t<\/div>\n\t\t\t\t\t<\/div>\n\t\t<\/div>\n\t\t\t\t\t\t\t<\/div>\n\t\t<\/section>\n\t\t\t\t<section class=\"elementor-section elementor-top-section elementor-element elementor-element-ea61e44 elementor-section-boxed elementor-section-height-default elementor-section-height-default\" data-id=\"ea61e44\" data-element_type=\"section\">\n\t\t\t\t\t\t<div class=\"elementor-container elementor-column-gap-default\">\n\t\t\t\t\t<div class=\"elementor-column elementor-col-100 elementor-top-column elementor-element elementor-element-634e90f\" data-id=\"634e90f\" data-element_type=\"column\">\n\t\t\t<div class=\"elementor-widget-wrap elementor-element-populated\">\n\t\t\t\t\t\t\t\t<div class=\"elementor-element elementor-element-72543bf elementor-widget elementor-widget-heading\" data-id=\"72543bf\" data-element_type=\"widget\" data-widget_type=\"heading.default\">\n\t\t\t\t<div class=\"elementor-widget-container\">\n\t\t\t<h1 class=\"elementor-heading-title elementor-size-default\">Mehr als ein Dach \u00fcber dem Kopf<\/h1>\t\t<\/div>\n\t\t\t\t<\/div>\n\t\t\t\t\t<\/div>\n\t\t<\/div>\n\t\t\t\t\t\t\t<\/div>\n\t\t<\/section>\n\t\t\t\t\t\t\t<\/div>\n\t\t","protected":false},"excerpt":{"rendered":"<p>Grunds\u00e4tze unserer Arbeit Schutz und SicherheitDas Frauenhaus Herne ist ein sicherer Ort f\u00fcr Sie und Ihre Kinder. Die Adresse ist geheim. Hier darf keine Gewalt ausge\u00fcbt oder angedroht werden. Diskriminierung jeglicher Art wird nicht toleriert. Vielfalt wird geachtet und respektiert. KinderschutzKinder und Jugendliche erleben die Gewalt immer mit und leiden darunter. Sie haben ein Recht [&hellip;]<\/p>\n","protected":false},"author":2,"featured_media":0,"parent":13,"menu_order":0,"comment_status":"closed","ping_status":"closed","template":"","meta":{"footnotes":""},"_links":{"self":[{"href":"https:\/\/frauenhaus-herne.de\/cms2\/wp-json\/wp\/v2\/pages\/725"}],"collection":[{"href":"https:\/\/frauenhaus-herne.de\/cms2\/wp-json\/wp\/v2\/pages"}],"about":[{"href":"https:\/\/frauenhaus-herne.de\/cms2\/wp-json\/wp\/v2\/types\/page"}],"author":[{"embeddable":true,"href":"https:\/\/frauenhaus-herne.de\/cms2\/wp-json\/wp\/v2\/users\/2"}],"replies":[{"embeddable":true,"href":"https:\/\/frauenhaus-herne.de\/cms2\/wp-json\/wp\/v2\/comments?post=725"}],"version-history":[{"count":41,"href":"https:\/\/frauenhaus-herne.de\/cms2\/wp-json\/wp\/v2\/pages\/725\/revisions"}],"predecessor-version":[{"id":1986,"href":"https:\/\/frauenhaus-herne.de\/cms2\/wp-json\/wp\/v2\/pages\/725\/revisions\/1986"}],"up":[{"embeddable":true,"href":"https:\/\/frauenhaus-herne.de\/cms2\/wp-json\/wp\/v2\/pages\/13"}],"wp:attachment":[{"href":"https:\/\/frauenhaus-herne.de\/cms2\/wp-json\/wp\/v2\/media?parent=725"}],"curies":[{"name":"wp","href":"https:\/\/api.w.org\/{rel}","templated":true}]}}